Let q(y) = y**2 - 76 + 40 + 5*y + 38. Determine q(-4).
-2
Let i = -9 - -13. Let s(r) = -5 + i*r + 1 + 1 - 2*r**2. What is s(2)?
-3
Let d(k) = k**2 - 4*k - 3. Let y(a) = 2*a - 11. Let i be y(8). What is d(i)?
2
Let q(x) be the second derivative of -x**4/12 + 5*x**3/6 + x**2 - x. Determine q(6).
-4
Let q(x) be the second derivative of x**3/2 - 40*x. Determine q(-1).
-3
Let a(z) be the first derivative of z**4/4 + z**3 - 2*z**2 + 3*z - 10. Determine a(-4).
3
Let p(h) be the second derivative of -h**5/20 - h**4/2 - h**3/6 + 5*h**2/2 - 7*h. What is p(-6)?
11
Let o(y) = y + 10. Let r be o(-11). Let x(k) be the first derivative of 4*k**3/3 + k**2/2 + k - 1. Calculate x(r).
4
Let g(k) = 23*k - 13*k - 12*k - 2. Determine g(-6).
10
Let q(p) = -5*p. Let a(d) = 4*d - 1. Let t(m) = 6*a(m) + 5*q(m). Let x(r) = r + 8. Let h = 8 - 16. Let i be x(h). Calculate t(i).
-6
Let b(h) = -h + 7 + 4*h - 6*h**2 + 6*h**3 - 5*h**3. Suppose 19 = 3*z - 2*r, 0 = z + 5*r + 7 - 2. Calculate b(z).
-3
Let x(m) = -m**2 - 5*m - 2. Suppose 2*l + 50 = -8*l. Give x(l).
-2
Let y(t) be the first derivative of t**4/4 + 4*t**3/3 - t - 5. Determine y(-3).
8
Let v(n) be the first derivative of n**2 - 2*n - 49. What is v(4)?
6
Let g = 15 - 17. Let y be (0 + g)*9/(-18). Let f(r) = -2*r - 1. What is f(y)?
-3
Let p(x) = -x + 3*x - x - 4. Let f(r) = 3*r - 3. Let d be f(9). Suppose 5*m - 9*m + d = 0. Calculate p(m).
2
Suppose -3*n + 1 = -5. Suppose -2*s - 3*k + 4 = -3*s, -k = -s - n. Let u(a) be the third derivative of -a**6/40 + a**5/60 + a**4/12 + a**3/6 - a**2. Give u(s).
3
Let n(r) be the first derivative of -2*r**2 - r + 7. Let a(u) = u**2 + 4*u. Let s be a(-5). Suppose -g - 4 = -s. Give n(g).
-5
Let c(m) be the third derivative of m**6/120 - m**5/10 + m**4/8 - m**3/6 - 15*m**2. Determine c(6).
17
Let p(l) be the first derivative of l**5/40 + l**4/24 + l**3/3 + 2. Let c(u) be the third derivative of p(u). Let d = 2 - 4. Determine c(d).
-5
Let u be 40/(-22) + (-20)/110. Let q(d) = -d - 2. Give q(u).
0
Let a(h) = 7*h**2 - 1. Let u = 45 + -46. What is a(u)?
6
Let s(d) be the second derivative of d**4/12 - d**3/3 - 2*d. Let r be s(3). Let w(n) = -n - 3. Determine w(r).
-6
Let f(t) = -t**3 + 6*t**2 - 7*t - 12. Let g(n) = -n**2 + n + 1. Let a(i) = f(i) + 6*g(i). What is a(0)?
-6
Let r(f) = 2*f + 9. Let x be 2/(-9) - (-1750)/(-225). Calculate r(x).
-7
Let z(q) be the first derivative of 3*q**2/2 + 2*q + 6. What is z(-2)?
-4
Suppose -3*f + 9 = 2*f - 3*h, 3*h = 4*f - 6. Let g be 4/(-14) + (-2)/(-7). Let u(o) = -3 + g*o + o - 1. Calculate u(f).
-1
Let t(n) be the third derivative of n**6/120 - n**5/60 - n**4/12 + n**3/6 - 9*n**2. What is t(2)?
1
Let f(h) be the first derivative of h**4/4 + 4*h**3/3 - h**2/2 - 3*h + 11. Calculate f(-3).
9
Let v(l) = -5*l + 4*l + 6*l - 4*l. Determine v(-3).
-3
Let l(b) = -4*b + 3 + 11*b + 2*b - 2*b. Determine l(-2).
-11
Let f be ((-40)/25)/((-4)/10). Let y = -6 + f. Let w(g) = -3*g + 2*g**2 + g**2 + 5*g. Give w(y).
8
Let a(g) = -g**2 + 3. Let x(q) = q - 6. Let p be x(9). Let y = p + -6. Calculate a(y).
-6
Let c be (18/8)/(3/12). Let l(a) = -c*a**2 - 7*a + 2*a**3 + 4*a**2 + 0*a**3 - a**3 + 2. Determine l(6).
-4
Let v(r) be the first derivative of r**4/4 - 4*r - 39. Give v(0).
-4
Let b(w) be the third derivative of -w**6/120 - w**5/60 - w**3/2 - 16*w**2. Calculate b(-3).
15
Let d = -7 + 3. Let m(o) be the third derivative of -1/24*o**4 + 4*o**2 + 0*o + 0 - 1/3*o**3. Give m(d).
2
Let u(q) = -q + 7. Suppose 2*m = -6, -5*o + m + 12 + 21 = 0. Determine u(o).
1
Let i = -2 + 2. Suppose x = -i*x + 2, 2*l - x + 10 = 0. Let f(r) = r**2 + 4*r + 6. Give f(l).
6
Let d(l) be the first derivative of -l**5/20 + l**4/3 + 3*l**2/2 + l - 2. Let v(p) be the first derivative of d(p). Determine v(4).
3
Let q(l) = -5*l. Let i(t) = t**3 + 7*t**2 + 7*t + 7. Let s be i(-6). Determine q(s).
-5
Suppose 0 = 5*x - 4*r + 33, -12 = 4*x + 4*r - 0. Let d(l) = l**2 + 6*l + 6. Calculate d(x).
1
Let t(x) be the first derivative of 5*x**3/3 - x**2/2 + 2*x - 53. Calculate t(2).
20
Let m be (0/(-1))/(2 - 0). Let k(h) = h**2 - 2*h + 4. Let a(y) = -2*y**2 + 3*y - 5. Let d(c) = 2*a(c) + 3*k(c). Give d(m).
2
Suppose -4*m - z = 4*z - 1, 3*z + 9 = 0. Suppose b = -s - m*s - 6, 0 = -5*s + 3*b - 2. Let y be (-6 + 4)*(s - 0). Let f(l) = l + 2. What is f(y)?
4
Let t(w) = w**2 - w + 6. Let s(i) = i**2 - i + 2. Let h be s(-3). Suppose -2*g = 4 - h. Suppose -15 = -g*b + 5*j, -3*b = -2*j - 9 + 3. Determine t(b).
6
Suppose -2*u - 16 = 2*s - 38, -5*u + 4*s = -64. Let l = -7 + u. Let p(x) = x**3 - 5*x**2 - 2*x + 1. Determine p(l).
-9
Let u(q) = -9*q. Suppose 6*l - 2 = 4*l. Give u(l).
-9
Let b(g) be the second derivative of 7/12*g**4 + g**3 + 1/20*g**5 + 1/2*g**2 + g + 0. Let p(i) = -i**3 + 9*i**2 - 15*i + 1. Let j be p(7). Calculate b(j).
1
Suppose 3*t + 0*t + 12 = 0. Let k(a) be the second derivative of 7/6*a**3 + 0 + 1/12*a**4 + 2*a**2 + 5*a. Calculate k(t).
-8
Let f be 33/12 - (-1)/4. Suppose 2*b = -2*z - 14, 7 = -f*b + z + 3*z. Let u(t) = -4*t - 2. Let v(j) = 6*j + 4. Let o(p) = -8*u(p) - 5*v(p). Determine o(b).
-14
Let b(q) = -3*q - 4. Let h be b(-3). Let g(k) = 2*k - 5. Determine g(h).
5
Let n(g) = g**2 + 3*g - 10. Let q(r) = -2*r**2 - 7*r + 20. Let u(k) = 7*n(k) + 3*q(k). What is u(0)?
-10
Let w(g) be the second derivative of g**5/20 + g**4/24 + 3*g**2 - 2*g. Let n(s) be the first derivative of w(s). Determine n(1).
4
Let r(g) be the third derivative of g**4/24 - g**3/2 - 4*g**2. What is r(5)?
2
Let v be (-4 + 1 + 1)/2. Let w(q) = -10*q**3 - 2*q**2 - 2*q - 1. Calculate w(v).
9
Let x(o) = 11*o**2 - 6*o - 4. Let q(d) = 5*d**2 - 3*d - 2. Suppose -5*m = -18 - 2. Let p(w) = m*x(w) - 9*q(w). What is p(-2)?
-8
Suppose 3*x + x = 16. Let s = 6 - 4. Let d(w) = 10*w**s - 5 + 0 - 9*w**2 - 3*w. Give d(x).
-1
Let c(m) = -m**2 - 8*m + 12. Let h be c(-9). Let r(l) = -1 + h*l - 2*l + 3. Give r(-5).
-3
Suppose 2*s + 3*o = 5*s - 9, -2*s = 2*o + 14. Let b(k) = k**2 + 1 + k**3 - 1. Calculate b(s).
-4
Suppose 0 = -k - 0 + 3. Let i = 1 + k. Let l(m) = -9*m**2 + 12*m - 13. Let b(q) = -5*q**2 + 6*q - 7. Let g(f) = i*l(f) - 7*b(f). Calculate g(4).
5
Let d be (-52)/(-12) + 2/3. Suppose 0 = -w - 4*c + 12, -5*c - d = -5*w - 20. Let q(z) = z**2 + 6. Determine q(w).
6
Let a(l) be the second derivative of l**4/12 + l**3/2 - 3*l**2/2 - 6*l. Give a(-4).
1
Suppose -y = -2*y. Suppose y = -2*m - m + 24. Let a(o) = -2 + 1 + m - o**3. Give a(0).
7
Let i(v) = -v - 6. Let r be (1 - 3)/1 - -8. Let z = 6 - r. What is i(z)?
-6
Let b(q) = -3*q**3 + q - 4. Let m(s) = 16*s**3 - 4*s + 21. Let i(a) = -11*b(a) - 2*m(a). What is i(2)?
4
Suppose 0*i = 3*i - 6. Let n(u) be the first derivative of i - 2*u + 1/2*u**2. Determine n(-3).
-5
Let f(y) = -y**3 + 40*y**2 - y + 36. Let m be f(40). Let h(k) be the third derivative of k**5/60 + k**4/12 - 2*k**3/3 + k**2. What is h(m)?
4
Let q(f) be the third derivative of -f**5/60 - f**4/6 + f**3/6 + 21*f**2 + f. What is q(-5)?
-4
Suppose -5 - 1 = 2*c. Let g be 8/(-6)*c/(-1). Let d(x) be the second derivative of -x**5/20 - x**4/6 + x**3 + x**2/2 - 4*x. Calculate d(g).
9
Let r(x) be the third derivative of -1/12*x**4 + 0*x - x**3 + 0 - x**2 + 1/60*x**5. What is r(5)?
9
Let a be ((-4)/(-6))/((-2)/6). Suppose 0 = -z - 0*z + 6. Let c(p) = -p**2 - p + 1. Let d(l) = -l**3 + 3*l**2 + 3*l - 6. Let q(x) = z*c(x) + d(x). What is q(a)?
2
Let s(x) = x**3 - 4*x**2 + 2*x - 4. Let q be (-1)/2*102/(-1). Let j = q + -31. Suppose -5*b = -j - 0. What is s(b)?
4
Let v(s) = 22*s**3 - 3*s**2 + 6*s. Let h(m) = -21*m**3 + 2*m**2 - 5*m. Let j(t) = -5*h(t) - 4*v(t). Determine j(-1).
-16
Suppose 0*k - 13 = -2*c - 3*k, -c + 7 = 2*k. Let l(a) = -2*a + 3 - 2 + c*a - 2*a. Determine l(3).
4
Let c(n) = -n**3 - 3*n**2 + 2*n + 4. Let g(m) = 5*m - 1. Let a be g(-1). Let f be (-1 - 1)*15/a. Let u = f + -8. Give c(u).
-2
Let m(l) be the first derivative of -l**3/3 - 7*l**2/2 + 3*l + 8. Let q be m(-7). Let b(x) = x + 1. What is b(q)?
4
Let l(d) be the third derivative of d**4/8 + d**2 + 11*d. Let s(x) = -x. Let h be s(1). Determine l(h).
-3
Let j be (2 + -3)/((-3)/15). Let s(k) = k**2 - 6*k + 7. Give s(j).
2
Suppose -2*d = 3*d - 25. Suppose 0 = d*n - 30. Let j(k) = k - 3. What is j(n)?
3
Let p be 1/(-2) - (-14)/4. Let u(y) = -y**2 + 2*y - 6. Let i(m) = -m**2 + m - 1.